w be n(d). Calculate the highest common divisor of 10 and w.
10
Suppose -10*i = -9*i - 3. Suppose 3*x + 130 = i*z - 2*z, 5*x = 4*z - 499. Calculate the greatest common divisor of z and 11.
11
Let v = -214 - -307. What is the greatest common factor of v and 124?
31
Let v = 174 + -54. Let u be 3/(1/(-4) - -1). Suppose u*c - v = -c. What is the highest common factor of 60 and c?
12
Let r = 18 + -12. Let p be ((-10)/(-12))/(1/r). Suppose 5*o + p = 5*h, 2*h - 3*o + 13 = 2*o. What is the highest common divisor of 3 and h?
3
Suppose -4*g - 4*m = -2*g - 36, 4*g - m = 36. Suppose -12 = -4*r - 4. Calculate the highest common divisor of r and g.
2
Let l = -267 - -845. What is the greatest common factor of 34 and l?
34
Let r = -310 - -458. What is the greatest common divisor of r and 185?
37
Suppose 0*r = 4*r - 12. Suppose r*n - 7*n = -56. What is the greatest common divisor of 70 and n?
14
Let i(o) = -o**3 + 4*o**2 + 12*o + 2. Let u be i(6). Suppose r - 4 + u = 0. Calculate the greatest common factor of r and 2.
2
Suppose 26*y - 94 = 686. What is the greatest common factor of 160 and y?
10
Suppose -32*q + 37*q = 935. What is the greatest common factor of 22 and q?
11
Suppose 0 = 7*w - 11*w + 384. Let t = 115 - w. What is the highest common factor of t and 19?
19
Let b(l) = -24*l - 104. Let u be b(-11). Calculate the greatest common factor of 10 and u.
10
Suppose 2*w - 39 + 1 = -2*j, 59 = 3*j + w. What is the greatest common factor of j and 276?
4
Let y(r) = r**3 + 3*r**2 - 11*r + 7. Let s(n) = n**2 + 11*n - 17. Let z be s(-12). Let w be y(z). Calculate the highest common factor of w and 48.
12
Suppose 674 = -3*z + 5*j, 9*j + 25 = 4*j. Let c = -101 - z. Suppose -5*q = -15 - 45. Calculate the highest common divisor of c and q.
12
Suppose -27*k + 26*k = -1022. What is the greatest common divisor of 14 and k?
14
Suppose -16479 = -5*p + 9596. Let f be p/(-63) - 4/18. Let l = f + 137. Calculate the greatest common factor of 36 and l.
18
Let p be 406/14 - (1 - 17)/(-4). Let k be 3/2*(150 + 0). Calculate the greatest common factor of p and k.
25
Suppose 2*p = -4*o - 0*p + 202, -3*o + 2*p + 141 = 0. Calculate the highest common divisor of o and 441.
49
Let l = -26 - -29. Suppose -55 = v - 5*v + l*t, -3*v + 35 = -t. What is the highest common divisor of 130 and v?
10
Suppose 4*i = -5*d + 302 - 38, 0 = -3*d - 4*i + 160. What is the highest common factor of 78 and d?
26
Let k = 58 - 30. Let c be (-84)/(-21) + 34/2. Suppose 2*y = -y - 2*u + c, 2*y = -2*u + 14. What is the greatest common factor of k and y?
7
Suppose 0*m + 2*m - 33 = -5*l, l + 75 = 3*m. What is the highest common factor of 152 and m?
8
Let k(o) = 2*o**2 - 19*o + 12. Let g be k(9). Suppose -3*i = 2*i + 3*z - 314, 70 = i - g*z. What is the highest common divisor of i and 48?
16
Suppose 25*g = 19*g + 900. Calculate the highest common factor of g and 6.
6
Let n = 87 + -53. Suppose -2*x - 142 = -4*r - 5*x, -x + 2 = 0. Calculate the greatest common divisor of r and n.
34
Let r(h) be the second derivative of h**4/12 - 4*h**3/3 + 9*h**2 - 14*h. Let i be r(8). Let g = 2 - -16. Calculate the greatest common divisor of g and i.
18
Suppose 4*u + 33 = u. Let i(g) = g**2 + 8*g + 1. Let p be i(u). Let r = p + -19. Calculate the greatest common factor of 60 and r.
15
Suppose 6 = 4*c + 230. Let t be (9/6)/((-6)/c). Let o = -482 - -538. Calculate the highest common divisor of o and t.
14
Let p be ((-16)/(-6) - 2)*(47 - -568). What is the highest common divisor of p and 20?
10
Let h(w) = -8*w - 4. Let z be h(-11). Let q = z - 42. Suppose 3*j = -5*t + 6 + 18, -5*j = -4*t + 34. Calculate the greatest common factor of q and t.
6
Let w(u) = -3*u + 1. Let r be w(-6). Suppose 4*v + 37 = 4*p - 3, -4*v - 50 = -5*p. Suppose p = 3*a - 104. What is the highest common factor of r and a?
19
Suppose -2*b + 479 = 143. Let j be (-43 + 8)*(-6)/10. What is the greatest common divisor of b and j?
21
Let i(q) be the third derivative of q**6/120 + 2*q**5/15 + 7*q**4/24 + q**3 - 12*q**2. Let h be i(-7). Calculate the greatest common factor of h and 15.
3
Suppose -36 = -10*o + 8*o. Let m = -30 - -42. Calculate the greatest common factor of m and o.
6
Let f be (154/(-35))/(2/(-60)) + 3. What is the highest common divisor of f and 60?
15
Suppose -d + 11399 + 3156 = 5*m, 0 = 3*m - 3*d - 8733. What is the greatest common divisor of m and 41?
41
Let p be (-16)/6*7/(56/(-540)). Suppose 2*h - 5*v - 88 = -h, -5*v = 3*h - 128. Calculate the greatest common factor of h and p.
36
Let z(w) = 47*w + 328. Let l be z(10). What is the greatest common factor of l and 38?
38
Let u be (-14)/(-10) - (-18249)/165. Calculate the highest common divisor of 528 and u.
16
Let m(f) = f**3 - 8*f**2 + 7*f - 22. Let d be m(11). What is the highest common factor of 19 and d?
19
Suppose z = -2*g + 1 + 48, 0 = g - 2*z - 32. What is the highest common divisor of 104 and g?
26
Let a be -8*((-25)/(-20) + -3). Suppose 0 = 2*m + 4*c - 72, -5*m + 2*m + 138 = -4*c. Calculate the greatest common factor of m and a.
14
Let i = -33 - 20. Let l = 7 + -6. Let a be (-6)/((-2)/l) - i. Calculate the highest common factor of 8 and a.
8
Suppose 68*n = 78*n - 600. Suppose 0 = 2*m + 5*v - 19, m - v - 11 = 2. Calculate the greatest common factor of n and m.
12
Let g be 3 - ((-6 - -2) + 3). Suppose -27 = -g*l - 7. What is the greatest common factor of l and 50?
5
Let g be (-3 - 13)/(2/(-22)). Suppose 0*n - 7*n + 112 = 0. Calculate the greatest common factor of g and n.
16
Let s = 1041 + -846. What is the greatest common factor of s and 117?
39
Let i be 329/2*(1200/42 - 8). Calculate the highest common divisor of 72 and i.
72
Let o(q) = 34*q - 3. Let u be o(3). Suppose -10*n + 14 = -8*n. Let s = 16 - n. Calculate the greatest common factor of u and s.
9
Suppose -6*u - 384 = -22*u. Let s(x) = 2*x - 2. Let l be s(5). What is the highest common divisor of u and l?
8
Let p = 265 - 234. Calculate the greatest common divisor of 279 and p.
31
Let u be 4/9*-3*6/4. Let a be 3*(51 + 14)*(-2)/u. What is the highest common divisor of 39 and a?
39
Let s(c) = 0 - 3 + 0 + 7*c. Suppose -12 = -4*u - 0. Let i be s(u). What is the greatest common divisor of i and 6?
6
Suppose -o - 5*a - 19 = 0, 4*o - 3*a + 66 = -33. Let d be (-12)/o - 22/(-4). Let s be 4/((7/d)/7). What is the greatest common factor of 16 and s?
8
Suppose 0*j = -2*j + 5*g + 84, g = -5*j + 156. Let k be (-42)/2 - (2 + -1). Let x = j + k. What is the greatest common divisor of x and 90?
10
Let f be (2 - (-4 + -13))/1. Let b be ((-1524)/(-8))/((-6)/8). Let y = b + 444. What is the greatest common factor of y and f?
19
Suppose 0 = 3*a - 0*a - 81. Suppose -5*m = -0*m - 5. Suppose -4*i = -g - 0*i - m, 0 = 4*g + 5*i - 17. What is the greatest common divisor of g and a?
3
Let z be (3/4)/(3/684). Suppose -3*x = -0*x - z. Suppose 3*p + 2*p + 3*f - 187 = 0, -4*f - 42 = -p. Calculate the greatest common factor of p and x.
19
Suppose 28*m = 6*m + 1320. What is the highest common divisor of 15 and m?
15
Let t = 103 - 100. Let q(r) be the second derivative of 5*r**4/12 + 2*r**2 - 2*r. Let i be q(t). Calculate the greatest common divisor of i and 7.
7
Let j(l) = -l**3 + 7*l**2 + 10. Let y be j(7). Let p = 12 - 7. Let d(a) = 2*a - 6. Let c be d(p). What is the highest common factor of y and c?
2
Suppose 2*b + 9*k - 4*k = 41, 0 = 5*b + 2*k - 71. Calculate the highest common factor of 3 and b.
1
Let u = 50 + -6. Calculate the highest common factor of u and 154.
22
Let t(u) = -u**3 - 9*u**2 + 29*u + 90. Let w be t(-11). Calculate the highest common factor of 1573 and w.
13
Let f be (7 + 74/(-10))*-960 + -4. Calculate the greatest common divisor of 60 and f.
20
Let x = 242 - 212. Suppose h = i + 32, -4*i + 112 = 2*h + 2*h. Suppose 4*p - 50 = h. Calculate the greatest common factor of x and p.
10
Let p(n) be the third derivative of -5/24*n**4 + 0*n + 0 + n**2 + 1/6*n**3 + 2/15*n**5. Let d be p(5). What is the highest common divisor of d and 22?
22
Let n = -12 + 17. Suppose 0 = v + 4, -d + 3*v = -0*v - n. Let i(o) = -o**2 - 8*o + 2. Let f be i(d). What is the greatest common factor of f and 9?
9
Let l be (-101)/(-3 + 10/5). Let w = l + -69. What is the greatest common factor of 4 and w?
4
Let p(c) = -10*c - 4. Let n be p(-6). Let f = 355 + -348. Calculate the greates